*l - 75 = -0*l. Suppose 0 = 3*t - 6*t + l. Suppose 0 = -3*j + 5*c + 129, -72 + 19 = -j + t*c. Is j a prime number?
False
Suppose 20 = 5*f + 4*x, x + 2*x + 4 = f. Suppose 0 = -0*o + f*o - 2564. Is o a prime number?
True
Let k be -24*-1*(-5)/(-10). Is ((-12)/k)/(2/(-982)) prime?
True
Let c(n) = -n**2 - 152*n - 62. Is c(-37) composite?
True
Let j(p) be the third derivative of -1/2*p**3 + 1/2*p**5 + 5*p**2 - 1/12*p**4 + 0 + 0*p. Is j(-5) a prime number?
True
Suppose -228*f + 239*f - 8173 = 0. Is f composite?
False
Let z(d) be the third derivative of 11*d**6/120 + d**5/15 - 5*d**4/24 + 5*d**3/6 - 4*d**2. Is z(4) a prime number?
False
Let f = -5 - -8. Let t be ((-81)/75 - -1) + (-49135)/(-125). Suppose -f*n = 5*w - 940, n + t = -4*w + 1152. Is w composite?
False
Suppose 5*g - 28111 = 2*z, g = 2*z + 4574 + 1045. Is g prime?
True
Suppose -d - 2*b + 1340 = -3*d, -d - 5*b = 694. Let q = d + 1071. Is q composite?
False
Let h(n) = 312*n**3 + 1. Let g be h(1). Suppose o + g + 573 = 0. Is o/(3/(-1) + 1) prime?
True
Suppose -3*z + 548 = 3*t - 4396, 1636 = t + 5*z. Is t a composite number?
True
Suppose -2*i - 804 = 5*t, -2*i - i + 3*t - 1248 = 0. Let q = 943 + i. Let w = -272 + q. Is w composite?
True
Let r = 10604 + -5037. Is r a prime number?
False
Suppose -2*i - 6326 = -7*i - 4*n, -2*n = 3*i - 3794. Suppose -2*o - i = -5*l, 2*o - 262 = -0*l - l. Is l a prime number?
False
Let b be (2 + -5)*(0 - 1) + 2006. Let i = -912 + b. Is i a composite number?
False
Is 7*((-64)/(-28) - 2) - -4287 a prime number?
True
Let q = 56 + 3. Let i = -125 + 127. Suppose -q = y - i*y. Is y a prime number?
True
Let c = -58 - -60. Suppose -10 = -c*v + 4*v, 0 = -3*a - v + 550. Is a composite?
True
Suppose -3*q + 1091 = 116. Suppose 4*f = -4*g + q + 523, -3*g - 4*f = -639. Is g a prime number?
False
Suppose 102*d - 308 = 50590. Is d composite?
False
Suppose 10*s - 8*s - 52598 = 3*v, 2*s = -3*v + 52574. Is s a composite number?
False
Let m = 548 + -932. Let r = 1033 + m. Is r composite?
True
Suppose 2*w - 6 + 2 = 2*n, 0 = 3*w - 4*n - 7. Let r(b) = -38*b**3 + b**2. Let j be r(w). Is 2/(-1)*j/2 a composite number?
False
Let q(v) be the first derivative of 0*v**2 + 1/3*v**3 + 0*v + 1 + 9*v**4. Is q(1) composite?
False
Let p(w) be the second derivative of w**5/5 - 5*w**4/12 + w**3/2 - 3*w**2/2 + 3*w. Is p(3) a composite number?
True
Let c be 3 + 54/(-15) + 9/15. Suppose c = 2*l + 589 - 4103. Is l composite?
True
Suppose -3*k - 18 = -30. Suppose 3*r = -v + 1282, -5*r + 3*r = -k*v - 850. Is r a prime number?
False
Let s(c) = c**2 - 13*c - 10. Let i be s(14). Suppose -16 - i = -4*t. Suppose 2*l + 15 = t, 4*v - 5*l = 869. Is v prime?
True
Is (91695/(-12))/(15/(-12)) prime?
True
Suppose 2*n = 15 + 57. Let s be 21088/n + 4/18. Suppose 2*p - 4*w = s, -p - 5*w + 275 = -w. Is p a composite number?
True
Let i = -207 + -73. Let w = i - -678. Suppose -l = l - w. Is l prime?
True
Let q = 40 + -36. Suppose q*w - 6846 = -2*w. Is w a composite number?
True
Suppose 0 = 18*h - 32655 - 62187. Is h composite?
True
Let h(j) = -3 + 2 - 142*j + 2. Is h(-1) a composite number?
True
Suppose -6*o + 4*o = 4, 4*o + 87013 = 5*m. Is m a prime number?
True
Suppose -a + 10305 = -2*p, 395 = -3*a - 4*p + 31350. Is a prime?
True
Suppose -3*o = 5*d - 12608, -4*d + 4205 = -6*o + 7*o. Is o prime?
True
Let o(m) = -12*m - 5. Suppose r + 4 + 1 = 0. Let g be (-4)/r*150/(-20). Is o(g) prime?
True
Let l(w) = -w**3 + 4*w**2 + 6*w + 7. Let s be l(5). Suppose -s*t = -16*t - 48. Is (-8)/t*6 + 35 a composite number?
True
Let n(z) = 0*z**2 - 2*z + 7 + 2*z**2 + 0*z. Let s = -43 + 49. Is n(s) composite?
False
Let i(u) = 5283*u**2 + 47*u - 149. Is i(3) a composite number?
True
Let v(m) be the third derivative of m**6/120 + m**5/60 + m**4/8 + 1591*m**3/6 - 18*m**2. Is v(0) composite?
True
Let j = 475 - 94. Suppose 3*h - j = -3*t, -2*h - 508 = -4*t + 2*h. Is t a prime number?
True
Let d = -86 + 89. Suppose 0 = -d*j + 2564 - 491. Is j composite?
False
Let g(x) = 10*x**2 + 28*x - 14. Is g(-18) prime?
False
Let m(j) be the first derivative of 19*j**5/60 - j**4/24 - j**3/6 - 2*j**2 + 3. Let t(i) be the second derivative of m(i). Is t(-2) composite?
True
Suppose k - t - 487 = -0*t, 471 = k - 5*t. Is k composite?
False
Let r(u) = -6*u + 3. Let w be r(2). Let y(h) = -54*h + 100*h - 19 - 56*h. Is y(w) a composite number?
False
Let d(l) = 19*l - 6. Suppose 0 = 5*v - 25. Suppose 4*u + x - 37 + 7 = 0, v*u - 37 = -x. Is d(u) composite?
False
Suppose -3*w = -o + w + 1893, -4*o + 7610 = 3*w. Is o a prime number?
True
Let q(h) = 66*h**2 + 19. Suppose 3*b + 14 = -4. Is q(b) prime?
False
Let a be (-278)/(-3)*(-8 - -17). Let k = 1305 - a. Let n = -286 + k. Is n prime?
False
Suppose -6*c + 43526 = 8*c. Is c prime?
True
Suppose 0 = -17*b - 151508 + 633441. Is b prime?
True
Is (-6)/6*(-3 + (-2 - 12224)) a prime number?
False
Let v(i) = i**3 - 11*i**2 + 8*i - 38. Let f be v(18). Suppose -5*p + f = -211. Is p a prime number?
False
Suppose 0 = -j - 5*j - 450. Let q = -8 - j. Is q a prime number?
True
Is 12 - -624 - (6 - 1) prime?
True
Suppose 24*g = -13*g + 182669. Is g composite?
False
Suppose 0 = -4*h + 2*h - 12. Let l(q) = -3*q**3 - 3*q**2 + 8*q - 1. Is l(h) a composite number?
False
Suppose -11*d = -4645 + 1312. Let i = -154 + d. Is i a prime number?
True
Suppose -17*g = -22*g - 105. Let t = g + 23. Suppose 0*z - 762 = -t*z. Is z a prime number?
False
Let v = -45 - -52. Suppose -v*u + 2142 = -4235. Is u a composite number?
False
Suppose 3*g - 328521 = 4*z, -215*g = -211*g + 4*z - 438028. Is g composite?
False
Let y(p) = p**3 + 3*p**2 + 3*p - 3. Let a be y(-3). Let f = a + 24. Let b(k) = 2*k**2 - 16*k - 5. Is b(f) prime?
False
Let w(r) = 639*r**3 - r**2 - 17*r + 4. Let x(t) be the first derivative of -40*t**4 + 2*t**2 - t + 2. Let k(z) = -2*w(z) - 9*x(z). Is k(1) composite?
False
Let x(h) = -h**3 + 4*h + 4. Let q be x(-2). Is q/18 + (-350520)/(-216) a prime number?
False
Suppose 0 = -3*z + 4*z + 3. Let n(d) = 28*d + 1. Let a be n(z). Let c = a + 174. Is c prime?
False
Suppose -14*b = -3*b - 23749. Is b a composite number?
True
Let w(a) = a**3 - 2*a**2 + 14*a + 1. Let f = 17 + -24. Let x(q) = -q**2 - 7*q + 8. Let j be x(f). Is w(j) a prime number?
False
Let t(v) = 2*v**3 - 4*v**2 + 3*v - 1. Let s be t(2). Suppose -2*r = -j + 3*r + 271, 2*j - s*r = 522. Is j a composite number?
False
Let t = -14 + 12. Let r be 4923 - (t + (1 - 2)). Is 3/(-12) + r/24 prime?
False
Suppose 0 = -8*z + 106422 + 91474. Is z composite?
True
Suppose -y - 12*b = -11*b - 3522, -3*y - 2*b + 10565 = 0. Is y prime?
False
Let j be (9 + -1)/4 + (-9)/(-3). Suppose 2935 = j*o - 0*o. Is o composite?
False
Suppose -o - 4*m + 1642 = -313, 0 = -3*o + 4*m + 5817. Is o a prime number?
False
Let z = 11074 - -2143. Is z a prime number?
True
Let s = 6292 + -4208. Suppose -6*l - s = -10*l. Is l a composite number?
False
Let v(l) = l + 4. Let o be v(-3). Suppose -1 = 2*a + o. Is (2 + a)*(-8 + 61) a composite number?
False
Let u(g) = 553*g - 35. Suppose -o = 13*o - 56. Is u(o) a composite number?
True
Let o(h) = 2*h - 22. Let y be o(11). Suppose y = -4*b + 33 + 243. Is b a prime number?
False
Suppose 0 = 13*y + 691 - 48570. Is y a prime number?
False
Let x be (-6)/(-18) - 12136/(-6). Let g = x - 1145. Is g prime?
False
Let t(y) = -2*y**3 - 16*y**2 - 14*y - 351. Is t(-21) prime?
False
Suppose 18 - 11 = -l. Is 14373/7 + (9/l - -1) prime?
True
Let c = -3467 - -2232. Let f = c - -1866. Is f composite?
False
Suppose 0 = -2*x + 1283 - 333. Let z be (8/(-6))/(2/(-6)). Suppose -2769 = -z*d + x. Is d composite?
False
Let f be (-1 - -1) + (0 - -4). Suppose -3*h + h = 5*q - 26, q = -f*h + 16. Let t(a) = 14*a**3 - a**2 - 2*a + 2. Is t(h) a prime number?
False
Let o(q) = q**3 + 17*q**2 - 6*q + 1. Suppose -38 = 3*p + n, -p = -n - 2*n + 26. Is o(p) a prime number?
True
Let a(r) = 3*r**2 + r**3 + 3*r**3 + 0*r**2 - 3*r. Let w be a(3). Let m = w - -1. Is m a prime number?
True
Suppose 2*o = 3*o. Suppose t - n - 606 = o, 3*t - 1821 = -0*t + 4*n. Let b = t - 400. Is b a prime number?
False
Let j(o) = 4*o + 14. Let m = 25 + -11. Let k be j(m). Suppose 2*g + 2 = k. Is g prime?
False
Let d(q) = 4*q**2 + 4*q - 51. Is d(-23) a prime number?
True
Let k(t) = 557*t**2 - 2*t + 2. Let w = -4 + 4. Let s be (w - (-1)/(-2))*-2. Is k(s) p